{"id":7221,"date":"2022-07-13T23:52:20","date_gmt":"2022-07-13T23:52:20","guid":{"rendered":"https:\/\/mcbogames.com\/?post_type=product&#038;p=7221"},"modified":"2024-12-16T18:18:39","modified_gmt":"2024-12-16T22:18:39","slug":"unidad-de-estado-solido-pny-cs900-500gb","status":"publish","type":"product","link":"https:\/\/mcbogames.com\/index.php\/producto\/unidad-de-estado-solido-pny-cs900-500gb\/","title":{"rendered":"Disco Duro S\u00f3lido PNY 500GB"},"content":{"rendered":"<p style=\"font-weight: 400\">Unidad de Estado Solido PNY CS900 500GB SATA 3 \/ Laptop o PC \/ SSD7CS900-500-RB<\/p>\n<p>Dise\u00f1ado para el almacenamiento de medios, como unidad de arranque o como reemplazo de una unidad existente, la\u00a0<b>SSD interna CS900 SATA III de 2,5&#8243; de 500 GB<\/b>\u00a0de\u00a0<b>PNY Technologies<\/b>\u00a0permite a los usuarios almacenar y acceder a hasta 500 GB de datos. Est\u00e1 equipada con una unidad SATA Interfaz III de 6 Gb\/s que es compatible con SATA II de 3 Gb\/s y cabe en el compartimiento para unidades de 2,5&#8243; \/ 7 mm de su sistema, lo que proporciona tiempos de carga y acceso para archivos y programas que son m\u00e1s r\u00e1pidos que los de un disco duro giratorio tradicional.\u00a0En t\u00e9rminos de velocidad, esta unidad ofrece velocidades de escritura secuencial de hasta 500 MB\/s y velocidades de lectura secuencial de hasta 550 MB\/s.\u00a0Adem\u00e1s de sus tasas de transferencia de datos mejoradas, esta unidad tambi\u00e9n ofrece una expectativa de vida \u00fatil de 2 millones de horas MTBF, soporte TRIM (depende del sistema operativo) y soporte SMART.<\/p>\n","protected":false},"excerpt":{"rendered":"<p>Unidad de Estado Solido PNY CS900 500GB SATA 3 \/ Laptop o PC \/ SSD7CS900-500-RB Dise\u00f1ado para el almacenamiento de medios, como unidad de arranque o como reemplazo de una unidad existente, la\u00a0SSD interna CS900 SATA III de 2,5&#8243; de 500 GB\u00a0de\u00a0PNY Technologies\u00a0permite a los usuarios almacenar y acceder a hasta 500 GB de datos. &hellip; <a href=\"https:\/\/mcbogames.com\/index.php\/producto\/unidad-de-estado-solido-pny-cs900-500gb\/\" class=\"more-link\">Continue reading <span class=\"screen-reader-text\">Disco Duro S\u00f3lido PNY 500GB<\/span><\/a><\/p>\n","protected":false},"featured_media":7312,"template":"","meta":[],"product_brand":[],"product_cat":[228,236],"product_tag":[300,452,431],"class_list":{"0":"post-7221","1":"product","2":"type-product","3":"status-publish","4":"has-post-thumbnail","6":"product_cat-computacion","7":"product_cat-accesorios","8":"product_tag-discoduro","9":"product_tag-pny","10":"product_tag-ssd","11":"yith_product_brand-pny","14":"outofstock","15":"shipping-taxable","16":"purchasable","17":"product-type-simple"},"bundled_by":[],"bundle_stock_status":"outofstock","bundle_stock_quantity":0,"bundle_virtual":false,"bundle_layout":"","bundle_add_to_cart_form_location":"","bundle_editable_in_cart":false,"bundle_sold_individually_context":"","bundle_item_grouping":"","bundle_min_size":"","bundle_max_size":"","bundled_items":[],"bundle_sell_ids":[],"yoast_head":"<!-- This site is optimized with the Yoast SEO plugin v26.8 - https:\/\/yoast.com\/product\/yoast-seo-wordpress\/ -->\n<title>Disco Duro S\u00f3lido PNY 500GB - :: MCBO GAMES TU TIENDA FAVORITA DE TECNOLOG\u00cdA Y VIDEOJUEGOS ::<\/title>\n<meta name=\"robots\" content=\"index, follow, max-snippet:-1, max-image-preview:large, max-video-preview:-1\" \/>\n<link rel=\"canonical\" href=\"https:\/\/mcbogames.com\/index.php\/producto\/unidad-de-estado-solido-pny-cs900-500gb\/\" \/>\n<meta property=\"og:locale\" content=\"es_ES\" \/>\n<meta property=\"og:type\" content=\"article\" \/>\n<meta property=\"og:title\" content=\"Disco Duro S\u00f3lido PNY 500GB - :: MCBO GAMES TU TIENDA FAVORITA DE TECNOLOG\u00cdA Y VIDEOJUEGOS ::\" \/>\n<meta property=\"og:description\" content=\"Unidad de Estado Solido PNY CS900 500GB SATA 3 \/ Laptop o PC \/ SSD7CS900-500-RB Dise\u00f1ado para el almacenamiento de medios, como unidad de arranque o como reemplazo de una unidad existente, la\u00a0SSD interna CS900 SATA III de 2,5&#8243; de 500 GB\u00a0de\u00a0PNY Technologies\u00a0permite a los usuarios almacenar y acceder a hasta 500 GB de datos. &hellip; Continue reading Disco Duro S\u00f3lido PNY 500GB\" \/>\n<meta property=\"og:url\" content=\"https:\/\/mcbogames.com\/index.php\/producto\/unidad-de-estado-solido-pny-cs900-500gb\/\" \/>\n<meta property=\"og:site_name\" content=\":: MCBO GAMES TU TIENDA FAVORITA DE TECNOLOG\u00cdA Y VIDEOJUEGOS ::\" \/>\n<meta property=\"article:modified_time\" content=\"2024-12-16T22:18:39+00:00\" \/>\n<meta property=\"og:image\" content=\"https:\/\/mcbogames.com\/wp-content\/uploads\/2022\/07\/PNY-2.webp\" \/>\n\t<meta property=\"og:image:width\" content=\"600\" \/>\n\t<meta property=\"og:image:height\" content=\"600\" \/>\n\t<meta property=\"og:image:type\" content=\"image\/webp\" \/>\n<meta name=\"twitter:card\" content=\"summary_large_image\" \/>\n<meta name=\"twitter:label1\" content=\"Tiempo de lectura\" \/>\n\t<meta name=\"twitter:data1\" content=\"1 minuto\" \/>\n<script type=\"application\/ld+json\" class=\"yoast-schema-graph\">{\"@context\":\"https:\/\/schema.org\",\"@graph\":[{\"@type\":\"WebPage\",\"@id\":\"https:\/\/mcbogames.com\/index.php\/producto\/unidad-de-estado-solido-pny-cs900-500gb\/\",\"url\":\"https:\/\/mcbogames.com\/index.php\/producto\/unidad-de-estado-solido-pny-cs900-500gb\/\",\"name\":\"Disco Duro S\u00f3lido PNY 500GB - :: MCBO GAMES TU TIENDA FAVORITA DE TECNOLOG\u00cdA Y VIDEOJUEGOS ::\",\"isPartOf\":{\"@id\":\"https:\/\/mcbogames.com\/#website\"},\"primaryImageOfPage\":{\"@id\":\"https:\/\/mcbogames.com\/index.php\/producto\/unidad-de-estado-solido-pny-cs900-500gb\/#primaryimage\"},\"image\":{\"@id\":\"https:\/\/mcbogames.com\/index.php\/producto\/unidad-de-estado-solido-pny-cs900-500gb\/#primaryimage\"},\"thumbnailUrl\":\"https:\/\/mcbogames.com\/wp-content\/uploads\/2022\/07\/PNY-2.webp\",\"datePublished\":\"2022-07-13T23:52:20+00:00\",\"dateModified\":\"2024-12-16T22:18:39+00:00\",\"breadcrumb\":{\"@id\":\"https:\/\/mcbogames.com\/index.php\/producto\/unidad-de-estado-solido-pny-cs900-500gb\/#breadcrumb\"},\"inLanguage\":\"es\",\"potentialAction\":[{\"@type\":\"ReadAction\",\"target\":[\"https:\/\/mcbogames.com\/index.php\/producto\/unidad-de-estado-solido-pny-cs900-500gb\/\"]}]},{\"@type\":\"ImageObject\",\"inLanguage\":\"es\",\"@id\":\"https:\/\/mcbogames.com\/index.php\/producto\/unidad-de-estado-solido-pny-cs900-500gb\/#primaryimage\",\"url\":\"https:\/\/mcbogames.com\/wp-content\/uploads\/2022\/07\/PNY-2.webp\",\"contentUrl\":\"https:\/\/mcbogames.com\/wp-content\/uploads\/2022\/07\/PNY-2.webp\",\"width\":600,\"height\":600},{\"@type\":\"BreadcrumbList\",\"@id\":\"https:\/\/mcbogames.com\/index.php\/producto\/unidad-de-estado-solido-pny-cs900-500gb\/#breadcrumb\",\"itemListElement\":[{\"@type\":\"ListItem\",\"position\":1,\"name\":\"Portada\",\"item\":\"https:\/\/mcbogames.com\/\"},{\"@type\":\"ListItem\",\"position\":2,\"name\":\"Shop\",\"item\":\"https:\/\/mcbogames.com\/index.php\/shop\/\"},{\"@type\":\"ListItem\",\"position\":3,\"name\":\"Disco Duro S\u00f3lido PNY 500GB\"}]},{\"@type\":\"WebSite\",\"@id\":\"https:\/\/mcbogames.com\/#website\",\"url\":\"https:\/\/mcbogames.com\/\",\"name\":\":: MCBO GAMES TU TIENDA FAVORITA DE TECNOLOG\u00cdA Y VIDEOJUEGOS ::\",\"description\":\"TIENDA ONLINE\",\"publisher\":{\"@id\":\"https:\/\/mcbogames.com\/#organization\"},\"potentialAction\":[{\"@type\":\"SearchAction\",\"target\":{\"@type\":\"EntryPoint\",\"urlTemplate\":\"https:\/\/mcbogames.com\/?s={search_term_string}\"},\"query-input\":{\"@type\":\"PropertyValueSpecification\",\"valueRequired\":true,\"valueName\":\"search_term_string\"}}],\"inLanguage\":\"es\"},{\"@type\":\"Organization\",\"@id\":\"https:\/\/mcbogames.com\/#organization\",\"name\":\"MCBO GAMES\",\"url\":\"https:\/\/mcbogames.com\/\",\"logo\":{\"@type\":\"ImageObject\",\"inLanguage\":\"es\",\"@id\":\"https:\/\/mcbogames.com\/#\/schema\/logo\/image\/\",\"url\":\"https:\/\/mcbogames.com\/wp-content\/uploads\/2021\/12\/logo_web.png\",\"contentUrl\":\"https:\/\/mcbogames.com\/wp-content\/uploads\/2021\/12\/logo_web.png\",\"width\":247,\"height\":223,\"caption\":\"MCBO GAMES\"},\"image\":{\"@id\":\"https:\/\/mcbogames.com\/#\/schema\/logo\/image\/\"}}]}<\/script>\n<!-- \/ Yoast SEO plugin. -->","yoast_head_json":{"title":"Disco Duro S\u00f3lido PNY 500GB - :: MCBO GAMES TU TIENDA FAVORITA DE TECNOLOG\u00cdA Y VIDEOJUEGOS ::","robots":{"index":"index","follow":"follow","max-snippet":"max-snippet:-1","max-image-preview":"max-image-preview:large","max-video-preview":"max-video-preview:-1"},"canonical":"https:\/\/mcbogames.com\/index.php\/producto\/unidad-de-estado-solido-pny-cs900-500gb\/","og_locale":"es_ES","og_type":"article","og_title":"Disco Duro S\u00f3lido PNY 500GB - :: MCBO GAMES TU TIENDA FAVORITA DE TECNOLOG\u00cdA Y VIDEOJUEGOS ::","og_description":"Unidad de Estado Solido PNY CS900 500GB SATA 3 \/ Laptop o PC \/ SSD7CS900-500-RB Dise\u00f1ado para el almacenamiento de medios, como unidad de arranque o como reemplazo de una unidad existente, la\u00a0SSD interna CS900 SATA III de 2,5&#8243; de 500 GB\u00a0de\u00a0PNY Technologies\u00a0permite a los usuarios almacenar y acceder a hasta 500 GB de datos. &hellip; Continue reading Disco Duro S\u00f3lido PNY 500GB","og_url":"https:\/\/mcbogames.com\/index.php\/producto\/unidad-de-estado-solido-pny-cs900-500gb\/","og_site_name":":: MCBO GAMES TU TIENDA FAVORITA DE TECNOLOG\u00cdA Y VIDEOJUEGOS ::","article_modified_time":"2024-12-16T22:18:39+00:00","og_image":[{"width":600,"height":600,"url":"https:\/\/mcbogames.com\/wp-content\/uploads\/2022\/07\/PNY-2.webp","type":"image\/webp"}],"twitter_card":"summary_large_image","twitter_misc":{"Tiempo de lectura":"1 minuto"},"schema":{"@context":"https:\/\/schema.org","@graph":[{"@type":"WebPage","@id":"https:\/\/mcbogames.com\/index.php\/producto\/unidad-de-estado-solido-pny-cs900-500gb\/","url":"https:\/\/mcbogames.com\/index.php\/producto\/unidad-de-estado-solido-pny-cs900-500gb\/","name":"Disco Duro S\u00f3lido PNY 500GB - :: MCBO GAMES TU TIENDA FAVORITA DE TECNOLOG\u00cdA Y VIDEOJUEGOS ::","isPartOf":{"@id":"https:\/\/mcbogames.com\/#website"},"primaryImageOfPage":{"@id":"https:\/\/mcbogames.com\/index.php\/producto\/unidad-de-estado-solido-pny-cs900-500gb\/#primaryimage"},"image":{"@id":"https:\/\/mcbogames.com\/index.php\/producto\/unidad-de-estado-solido-pny-cs900-500gb\/#primaryimage"},"thumbnailUrl":"https:\/\/mcbogames.com\/wp-content\/uploads\/2022\/07\/PNY-2.webp","datePublished":"2022-07-13T23:52:20+00:00","dateModified":"2024-12-16T22:18:39+00:00","breadcrumb":{"@id":"https:\/\/mcbogames.com\/index.php\/producto\/unidad-de-estado-solido-pny-cs900-500gb\/#breadcrumb"},"inLanguage":"es","potentialAction":[{"@type":"ReadAction","target":["https:\/\/mcbogames.com\/index.php\/producto\/unidad-de-estado-solido-pny-cs900-500gb\/"]}]},{"@type":"ImageObject","inLanguage":"es","@id":"https:\/\/mcbogames.com\/index.php\/producto\/unidad-de-estado-solido-pny-cs900-500gb\/#primaryimage","url":"https:\/\/mcbogames.com\/wp-content\/uploads\/2022\/07\/PNY-2.webp","contentUrl":"https:\/\/mcbogames.com\/wp-content\/uploads\/2022\/07\/PNY-2.webp","width":600,"height":600},{"@type":"BreadcrumbList","@id":"https:\/\/mcbogames.com\/index.php\/producto\/unidad-de-estado-solido-pny-cs900-500gb\/#breadcrumb","itemListElement":[{"@type":"ListItem","position":1,"name":"Portada","item":"https:\/\/mcbogames.com\/"},{"@type":"ListItem","position":2,"name":"Shop","item":"https:\/\/mcbogames.com\/index.php\/shop\/"},{"@type":"ListItem","position":3,"name":"Disco Duro S\u00f3lido PNY 500GB"}]},{"@type":"WebSite","@id":"https:\/\/mcbogames.com\/#website","url":"https:\/\/mcbogames.com\/","name":":: MCBO GAMES TU TIENDA FAVORITA DE TECNOLOG\u00cdA Y VIDEOJUEGOS ::","description":"TIENDA ONLINE","publisher":{"@id":"https:\/\/mcbogames.com\/#organization"},"potentialAction":[{"@type":"SearchAction","target":{"@type":"EntryPoint","urlTemplate":"https:\/\/mcbogames.com\/?s={search_term_string}"},"query-input":{"@type":"PropertyValueSpecification","valueRequired":true,"valueName":"search_term_string"}}],"inLanguage":"es"},{"@type":"Organization","@id":"https:\/\/mcbogames.com\/#organization","name":"MCBO GAMES","url":"https:\/\/mcbogames.com\/","logo":{"@type":"ImageObject","inLanguage":"es","@id":"https:\/\/mcbogames.com\/#\/schema\/logo\/image\/","url":"https:\/\/mcbogames.com\/wp-content\/uploads\/2021\/12\/logo_web.png","contentUrl":"https:\/\/mcbogames.com\/wp-content\/uploads\/2021\/12\/logo_web.png","width":247,"height":223,"caption":"MCBO GAMES"},"image":{"@id":"https:\/\/mcbogames.com\/#\/schema\/logo\/image\/"}}]}},"_links":{"self":[{"href":"https:\/\/mcbogames.com\/index.php\/wp-json\/wp\/v2\/product\/7221","targetHints":{"allow":["GET"]}}],"collection":[{"href":"https:\/\/mcbogames.com\/index.php\/wp-json\/wp\/v2\/product"}],"about":[{"href":"https:\/\/mcbogames.com\/index.php\/wp-json\/wp\/v2\/types\/product"}],"wp:featuredmedia":[{"embeddable":true,"href":"https:\/\/mcbogames.com\/index.php\/wp-json\/wp\/v2\/media\/7312"}],"wp:attachment":[{"href":"https:\/\/mcbogames.com\/index.php\/wp-json\/wp\/v2\/media?parent=7221"}],"wp:term":[{"taxonomy":"product_brand","embeddable":true,"href":"https:\/\/mcbogames.com\/index.php\/wp-json\/wp\/v2\/product_brand?post=7221"},{"taxonomy":"product_cat","embeddable":true,"href":"https:\/\/mcbogames.com\/index.php\/wp-json\/wp\/v2\/product_cat?post=7221"},{"taxonomy":"product_tag","embeddable":true,"href":"https:\/\/mcbogames.com\/index.php\/wp-json\/wp\/v2\/product_tag?post=7221"}],"curies":[{"name":"wp","href":"https:\/\/api.w.org\/{rel}","templated":true}]}}