{"id":7192,"date":"2022-07-09T21:00:09","date_gmt":"2022-07-10T01:00:09","guid":{"rendered":"https:\/\/mcbogames.com\/?post_type=product&#038;p=7192"},"modified":"2025-05-29T13:06:39","modified_gmt":"2025-05-29T17:06:39","slug":"funko-pop-naruto-shippuden-sasuke-rinnegan-1023","status":"publish","type":"product","link":"https:\/\/mcbogames.com\/index.php\/producto\/funko-pop-naruto-shippuden-sasuke-rinnegan-1023\/","title":{"rendered":"Funko Pop! Naruto Shippuden: Sasuke (Rinnegan)  #1023 (Figura Exclusiva)"},"content":{"rendered":"<ul class=\"a-unordered-list a-vertical a-spacing-mini\">\n<li><span class=\"a-list-item\">Viene en embalaje original y viene con un protector de caja de pl\u00e1stico pensando en el coleccionista (pel\u00edcula extra\u00edble)<\/span><\/li>\n<li><span class=\"a-list-item\">Del exitoso anime Naruto: Sasuke (Rinnegan)<\/span><span class=\"a-list-item\">, como un estilizado vinilo POP de Funko<\/span><\/li>\n<li><span class=\"a-list-item\">Coleccionable estilizado mide 3 \u00be pulgadas de alto, perfecto para cualquier fan de Naruto<\/span><\/li>\n<\/ul>\n","protected":false},"excerpt":{"rendered":"<p>Viene en embalaje original y viene con un protector de caja de pl\u00e1stico pensando en el coleccionista (pel\u00edcula extra\u00edble) Del exitoso anime Naruto: Sasuke (Rinnegan), como un estilizado vinilo POP de Funko Coleccionable estilizado mide 3 \u00be pulgadas de alto, perfecto para cualquier fan de Naruto<\/p>\n","protected":false},"featured_media":7193,"template":"","meta":[],"product_brand":[],"product_cat":[235,234],"product_tag":[260,424],"class_list":{"0":"post-7192","1":"product","2":"type-product","3":"status-publish","4":"has-post-thumbnail","6":"product_cat-funko-pop","7":"product_cat-juguetes","8":"product_tag-funko","9":"product_tag-naruto","10":"yith_product_brand-pop","13":"outofstock","14":"sale","15":"shipping-taxable","16":"purchasable","17":"product-type-simple"},"bundled_by":[],"bundle_stock_status":"outofstock","bundle_stock_quantity":0,"bundle_virtual":false,"bundle_layout":"","bundle_add_to_cart_form_location":"","bundle_editable_in_cart":false,"bundle_sold_individually_context":"","bundle_item_grouping":"","bundle_min_size":"","bundle_max_size":"","bundled_items":[],"bundle_sell_ids":[],"yoast_head":"<!-- This site is optimized with the Yoast SEO plugin v27.4 - https:\/\/yoast.com\/product\/yoast-seo-wordpress\/ -->\n<title>Funko Pop! Naruto Shippuden: Sasuke (Rinnegan) #1023 (Figura Exclusiva) - :: MCBO GAMES TU TIENDA FAVORITA DE TECNOLOG\u00cdA Y VIDEOJUEGOS ::<\/title>\n<meta name=\"robots\" content=\"index, follow, max-snippet:-1, max-image-preview:large, max-video-preview:-1\" \/>\n<link rel=\"canonical\" href=\"https:\/\/mcbogames.com\/index.php\/producto\/funko-pop-naruto-shippuden-sasuke-rinnegan-1023\/\" \/>\n<meta property=\"og:locale\" content=\"es_ES\" \/>\n<meta property=\"og:type\" content=\"article\" \/>\n<meta property=\"og:title\" content=\"Funko Pop! Naruto Shippuden: Sasuke (Rinnegan) #1023 (Figura Exclusiva) - :: MCBO GAMES TU TIENDA FAVORITA DE TECNOLOG\u00cdA Y VIDEOJUEGOS ::\" \/>\n<meta property=\"og:description\" content=\"Viene en embalaje original y viene con un protector de caja de pl\u00e1stico pensando en el coleccionista (pel\u00edcula extra\u00edble) Del exitoso anime Naruto: Sasuke (Rinnegan), como un estilizado vinilo POP de Funko Coleccionable estilizado mide 3 \u00be pulgadas de alto, perfecto para cualquier fan de Naruto\" \/>\n<meta property=\"og:url\" content=\"https:\/\/mcbogames.com\/index.php\/producto\/funko-pop-naruto-shippuden-sasuke-rinnegan-1023\/\" \/>\n<meta property=\"og:site_name\" content=\":: MCBO GAMES TU TIENDA FAVORITA DE TECNOLOG\u00cdA Y VIDEOJUEGOS ::\" \/>\n<meta property=\"article:modified_time\" content=\"2025-05-29T17:06:39+00:00\" \/>\n<meta property=\"og:image\" content=\"https:\/\/mcbogames.com\/wp-content\/uploads\/2022\/07\/funko-1023.jpeg\" \/>\n\t<meta property=\"og:image:width\" content=\"1000\" \/>\n\t<meta property=\"og:image:height\" content=\"1000\" \/>\n\t<meta property=\"og:image:type\" content=\"image\/jpeg\" \/>\n<meta name=\"twitter:card\" content=\"summary_large_image\" \/>\n<meta name=\"twitter:label1\" content=\"Tiempo de lectura\" \/>\n\t<meta name=\"twitter:data1\" content=\"1 minuto\" \/>\n<script type=\"application\/ld+json\" class=\"yoast-schema-graph\">{\"@context\":\"https:\\\/\\\/schema.org\",\"@graph\":[{\"@type\":\"WebPage\",\"@id\":\"https:\\\/\\\/mcbogames.com\\\/index.php\\\/producto\\\/funko-pop-naruto-shippuden-sasuke-rinnegan-1023\\\/\",\"url\":\"https:\\\/\\\/mcbogames.com\\\/index.php\\\/producto\\\/funko-pop-naruto-shippuden-sasuke-rinnegan-1023\\\/\",\"name\":\"Funko Pop! Naruto Shippuden: Sasuke (Rinnegan) #1023 (Figura Exclusiva) - :: MCBO GAMES TU TIENDA FAVORITA DE TECNOLOG\u00cdA Y VIDEOJUEGOS ::\",\"isPartOf\":{\"@id\":\"https:\\\/\\\/mcbogames.com\\\/#website\"},\"primaryImageOfPage\":{\"@id\":\"https:\\\/\\\/mcbogames.com\\\/index.php\\\/producto\\\/funko-pop-naruto-shippuden-sasuke-rinnegan-1023\\\/#primaryimage\"},\"image\":{\"@id\":\"https:\\\/\\\/mcbogames.com\\\/index.php\\\/producto\\\/funko-pop-naruto-shippuden-sasuke-rinnegan-1023\\\/#primaryimage\"},\"thumbnailUrl\":\"https:\\\/\\\/mcbogames.com\\\/wp-content\\\/uploads\\\/2022\\\/07\\\/funko-1023.jpeg\",\"datePublished\":\"2022-07-10T01:00:09+00:00\",\"dateModified\":\"2025-05-29T17:06:39+00:00\",\"breadcrumb\":{\"@id\":\"https:\\\/\\\/mcbogames.com\\\/index.php\\\/producto\\\/funko-pop-naruto-shippuden-sasuke-rinnegan-1023\\\/#breadcrumb\"},\"inLanguage\":\"es\",\"potentialAction\":[{\"@type\":\"ReadAction\",\"target\":[\"https:\\\/\\\/mcbogames.com\\\/index.php\\\/producto\\\/funko-pop-naruto-shippuden-sasuke-rinnegan-1023\\\/\"]}]},{\"@type\":\"ImageObject\",\"inLanguage\":\"es\",\"@id\":\"https:\\\/\\\/mcbogames.com\\\/index.php\\\/producto\\\/funko-pop-naruto-shippuden-sasuke-rinnegan-1023\\\/#primaryimage\",\"url\":\"https:\\\/\\\/mcbogames.com\\\/wp-content\\\/uploads\\\/2022\\\/07\\\/funko-1023.jpeg\",\"contentUrl\":\"https:\\\/\\\/mcbogames.com\\\/wp-content\\\/uploads\\\/2022\\\/07\\\/funko-1023.jpeg\",\"width\":1000,\"height\":1000},{\"@type\":\"BreadcrumbList\",\"@id\":\"https:\\\/\\\/mcbogames.com\\\/index.php\\\/producto\\\/funko-pop-naruto-shippuden-sasuke-rinnegan-1023\\\/#breadcrumb\",\"itemListElement\":[{\"@type\":\"ListItem\",\"position\":1,\"name\":\"Portada\",\"item\":\"https:\\\/\\\/mcbogames.com\\\/\"},{\"@type\":\"ListItem\",\"position\":2,\"name\":\"Shop\",\"item\":\"https:\\\/\\\/mcbogames.com\\\/index.php\\\/shop\\\/\"},{\"@type\":\"ListItem\",\"position\":3,\"name\":\"Funko Pop! Naruto Shippuden: Sasuke (Rinnegan) #1023 (Figura Exclusiva)\"}]},{\"@type\":\"WebSite\",\"@id\":\"https:\\\/\\\/mcbogames.com\\\/#website\",\"url\":\"https:\\\/\\\/mcbogames.com\\\/\",\"name\":\":: MCBO GAMES TU TIENDA FAVORITA DE TECNOLOG\u00cdA Y VIDEOJUEGOS ::\",\"description\":\"TIENDA ONLINE\",\"publisher\":{\"@id\":\"https:\\\/\\\/mcbogames.com\\\/#organization\"},\"potentialAction\":[{\"@type\":\"SearchAction\",\"target\":{\"@type\":\"EntryPoint\",\"urlTemplate\":\"https:\\\/\\\/mcbogames.com\\\/?s={search_term_string}\"},\"query-input\":{\"@type\":\"PropertyValueSpecification\",\"valueRequired\":true,\"valueName\":\"search_term_string\"}}],\"inLanguage\":\"es\"},{\"@type\":\"Organization\",\"@id\":\"https:\\\/\\\/mcbogames.com\\\/#organization\",\"name\":\"MCBO GAMES\",\"url\":\"https:\\\/\\\/mcbogames.com\\\/\",\"logo\":{\"@type\":\"ImageObject\",\"inLanguage\":\"es\",\"@id\":\"https:\\\/\\\/mcbogames.com\\\/#\\\/schema\\\/logo\\\/image\\\/\",\"url\":\"https:\\\/\\\/mcbogames.com\\\/wp-content\\\/uploads\\\/2021\\\/12\\\/logo_web.png\",\"contentUrl\":\"https:\\\/\\\/mcbogames.com\\\/wp-content\\\/uploads\\\/2021\\\/12\\\/logo_web.png\",\"width\":247,\"height\":223,\"caption\":\"MCBO GAMES\"},\"image\":{\"@id\":\"https:\\\/\\\/mcbogames.com\\\/#\\\/schema\\\/logo\\\/image\\\/\"}}]}<\/script>\n<!-- \/ Yoast SEO plugin. -->","yoast_head_json":{"title":"Funko Pop! Naruto Shippuden: Sasuke (Rinnegan) #1023 (Figura Exclusiva) - :: MCBO GAMES TU TIENDA FAVORITA DE TECNOLOG\u00cdA Y VIDEOJUEGOS ::","robots":{"index":"index","follow":"follow","max-snippet":"max-snippet:-1","max-image-preview":"max-image-preview:large","max-video-preview":"max-video-preview:-1"},"canonical":"https:\/\/mcbogames.com\/index.php\/producto\/funko-pop-naruto-shippuden-sasuke-rinnegan-1023\/","og_locale":"es_ES","og_type":"article","og_title":"Funko Pop! Naruto Shippuden: Sasuke (Rinnegan) #1023 (Figura Exclusiva) - :: MCBO GAMES TU TIENDA FAVORITA DE TECNOLOG\u00cdA Y VIDEOJUEGOS ::","og_description":"Viene en embalaje original y viene con un protector de caja de pl\u00e1stico pensando en el coleccionista (pel\u00edcula extra\u00edble) Del exitoso anime Naruto: Sasuke (Rinnegan), como un estilizado vinilo POP de Funko Coleccionable estilizado mide 3 \u00be pulgadas de alto, perfecto para cualquier fan de Naruto","og_url":"https:\/\/mcbogames.com\/index.php\/producto\/funko-pop-naruto-shippuden-sasuke-rinnegan-1023\/","og_site_name":":: MCBO GAMES TU TIENDA FAVORITA DE TECNOLOG\u00cdA Y VIDEOJUEGOS ::","article_modified_time":"2025-05-29T17:06:39+00:00","og_image":[{"width":1000,"height":1000,"url":"https:\/\/mcbogames.com\/wp-content\/uploads\/2022\/07\/funko-1023.jpeg","type":"image\/jpeg"}],"twitter_card":"summary_large_image","twitter_misc":{"Tiempo de lectura":"1 minuto"},"schema":{"@context":"https:\/\/schema.org","@graph":[{"@type":"WebPage","@id":"https:\/\/mcbogames.com\/index.php\/producto\/funko-pop-naruto-shippuden-sasuke-rinnegan-1023\/","url":"https:\/\/mcbogames.com\/index.php\/producto\/funko-pop-naruto-shippuden-sasuke-rinnegan-1023\/","name":"Funko Pop! Naruto Shippuden: Sasuke (Rinnegan) #1023 (Figura Exclusiva) - :: MCBO GAMES TU TIENDA FAVORITA DE TECNOLOG\u00cdA Y VIDEOJUEGOS ::","isPartOf":{"@id":"https:\/\/mcbogames.com\/#website"},"primaryImageOfPage":{"@id":"https:\/\/mcbogames.com\/index.php\/producto\/funko-pop-naruto-shippuden-sasuke-rinnegan-1023\/#primaryimage"},"image":{"@id":"https:\/\/mcbogames.com\/index.php\/producto\/funko-pop-naruto-shippuden-sasuke-rinnegan-1023\/#primaryimage"},"thumbnailUrl":"https:\/\/mcbogames.com\/wp-content\/uploads\/2022\/07\/funko-1023.jpeg","datePublished":"2022-07-10T01:00:09+00:00","dateModified":"2025-05-29T17:06:39+00:00","breadcrumb":{"@id":"https:\/\/mcbogames.com\/index.php\/producto\/funko-pop-naruto-shippuden-sasuke-rinnegan-1023\/#breadcrumb"},"inLanguage":"es","potentialAction":[{"@type":"ReadAction","target":["https:\/\/mcbogames.com\/index.php\/producto\/funko-pop-naruto-shippuden-sasuke-rinnegan-1023\/"]}]},{"@type":"ImageObject","inLanguage":"es","@id":"https:\/\/mcbogames.com\/index.php\/producto\/funko-pop-naruto-shippuden-sasuke-rinnegan-1023\/#primaryimage","url":"https:\/\/mcbogames.com\/wp-content\/uploads\/2022\/07\/funko-1023.jpeg","contentUrl":"https:\/\/mcbogames.com\/wp-content\/uploads\/2022\/07\/funko-1023.jpeg","width":1000,"height":1000},{"@type":"BreadcrumbList","@id":"https:\/\/mcbogames.com\/index.php\/producto\/funko-pop-naruto-shippuden-sasuke-rinnegan-1023\/#breadcrumb","itemListElement":[{"@type":"ListItem","position":1,"name":"Portada","item":"https:\/\/mcbogames.com\/"},{"@type":"ListItem","position":2,"name":"Shop","item":"https:\/\/mcbogames.com\/index.php\/shop\/"},{"@type":"ListItem","position":3,"name":"Funko Pop! Naruto Shippuden: Sasuke (Rinnegan) #1023 (Figura Exclusiva)"}]},{"@type":"WebSite","@id":"https:\/\/mcbogames.com\/#website","url":"https:\/\/mcbogames.com\/","name":":: MCBO GAMES TU TIENDA FAVORITA DE TECNOLOG\u00cdA Y VIDEOJUEGOS ::","description":"TIENDA ONLINE","publisher":{"@id":"https:\/\/mcbogames.com\/#organization"},"potentialAction":[{"@type":"SearchAction","target":{"@type":"EntryPoint","urlTemplate":"https:\/\/mcbogames.com\/?s={search_term_string}"},"query-input":{"@type":"PropertyValueSpecification","valueRequired":true,"valueName":"search_term_string"}}],"inLanguage":"es"},{"@type":"Organization","@id":"https:\/\/mcbogames.com\/#organization","name":"MCBO GAMES","url":"https:\/\/mcbogames.com\/","logo":{"@type":"ImageObject","inLanguage":"es","@id":"https:\/\/mcbogames.com\/#\/schema\/logo\/image\/","url":"https:\/\/mcbogames.com\/wp-content\/uploads\/2021\/12\/logo_web.png","contentUrl":"https:\/\/mcbogames.com\/wp-content\/uploads\/2021\/12\/logo_web.png","width":247,"height":223,"caption":"MCBO GAMES"},"image":{"@id":"https:\/\/mcbogames.com\/#\/schema\/logo\/image\/"}}]}},"_links":{"self":[{"href":"https:\/\/mcbogames.com\/index.php\/wp-json\/wp\/v2\/product\/7192","targetHints":{"allow":["GET"]}}],"collection":[{"href":"https:\/\/mcbogames.com\/index.php\/wp-json\/wp\/v2\/product"}],"about":[{"href":"https:\/\/mcbogames.com\/index.php\/wp-json\/wp\/v2\/types\/product"}],"wp:featuredmedia":[{"embeddable":true,"href":"https:\/\/mcbogames.com\/index.php\/wp-json\/wp\/v2\/media\/7193"}],"wp:attachment":[{"href":"https:\/\/mcbogames.com\/index.php\/wp-json\/wp\/v2\/media?parent=7192"}],"wp:term":[{"taxonomy":"product_brand","embeddable":true,"href":"https:\/\/mcbogames.com\/index.php\/wp-json\/wp\/v2\/product_brand?post=7192"},{"taxonomy":"product_cat","embeddable":true,"href":"https:\/\/mcbogames.com\/index.php\/wp-json\/wp\/v2\/product_cat?post=7192"},{"taxonomy":"product_tag","embeddable":true,"href":"https:\/\/mcbogames.com\/index.php\/wp-json\/wp\/v2\/product_tag?post=7192"}],"curies":[{"name":"wp","href":"https:\/\/api.w.org\/{rel}","templated":true}]}}