{"id":7087,"date":"2022-07-04T17:53:28","date_gmt":"2022-07-04T17:53:28","guid":{"rendered":"https:\/\/mcbogames.com\/?post_type=product&#038;p=7087"},"modified":"2025-05-29T14:52:40","modified_gmt":"2025-05-29T18:52:40","slug":"control-inalambrico-xbox-electric-volt","status":"publish","type":"product","link":"https:\/\/mcbogames.com\/index.php\/producto\/control-inalambrico-xbox-electric-volt\/","title":{"rendered":"Control Inal\u00e1mbrico Xbox &#8211; Electric Volt"},"content":{"rendered":"<div class=\"col-12 col-md-8\">\n<div class=\"product-description\">\n<div class=\"label1-bold\">\u2022 Experimente el dise\u00f1o modernizado del controlador inal\u00e1mbrico Xbox en Volt el\u00e9ctrico, con superficies esculpidas y geometr\u00eda refinada para mayor comodidad y control sin esfuerzo durante el juego con un uso de la bater\u00eda de hasta 40 horas.*<br \/>\n\u2022 Mant\u00e9ngase en el objetivo con el agarre texturizado D-pad h\u00edbrido en los gatillos, parachoques y carcasa trasera.\u00a0Conecte cualquier auricular compatible con el conector para auriculares de audio de 3,5 mm.<br \/>\n\u2022 Con\u00e9ctese usando el puerto USB-C para plug and play directo a la consola o PC.\u00a0En la parte trasera se incluye soporte para pilas AA.<br \/>\n\u2022 Captura y comparte contenido sin problemas con el bot\u00f3n Compartir dedicado.<br \/>\n\u2022 Personaliza el mando personalizando la asignaci\u00f3n de botones con la aplicaci\u00f3n Accesorios de Xbox.*<br \/>\n\u2022 Incluye tecnolog\u00eda Xbox Wireless y Bluetooth\u00ae para juegos inal\u00e1mbricos en consolas compatibles, PC con Windows 10, tel\u00e9fonos Android y tabletas.* La compatibilidad con iOS llegar\u00e1 en el futuro.<\/div>\n<\/div>\n<\/div>\n","protected":false},"excerpt":{"rendered":"<p>\u2022 Experimente el dise\u00f1o modernizado del controlador inal\u00e1mbrico Xbox en Volt el\u00e9ctrico, con superficies esculpidas y geometr\u00eda refinada para mayor comodidad y control sin esfuerzo durante el juego con un uso de la bater\u00eda de hasta 40 horas.* \u2022 Mant\u00e9ngase en el objetivo con el agarre texturizado D-pad h\u00edbrido en los gatillos, parachoques y carcasa &hellip; <a href=\"https:\/\/mcbogames.com\/index.php\/producto\/control-inalambrico-xbox-electric-volt\/\" class=\"more-link\">Continue reading <span class=\"screen-reader-text\">Control Inal\u00e1mbrico Xbox &#8211; Electric Volt<\/span><\/a><\/p>\n","protected":false},"featured_media":7088,"template":"","meta":[],"product_brand":[],"product_cat":[229,233],"product_tag":[316,408,372],"class_list":{"0":"post-7087","1":"product","2":"type-product","3":"status-publish","4":"has-post-thumbnail","6":"product_cat-videojuegos","7":"product_cat-xbox","8":"product_tag-control","9":"product_tag-mando","10":"product_tag-xbox","11":"yith_product_brand-microsoft","14":"outofstock","15":"sold-individually","16":"shipping-taxable","17":"purchasable","18":"product-type-simple"},"bundled_by":[],"bundle_stock_status":"outofstock","bundle_stock_quantity":0,"bundle_virtual":false,"bundle_layout":"","bundle_add_to_cart_form_location":"","bundle_editable_in_cart":false,"bundle_sold_individually_context":"","bundle_item_grouping":"","bundle_min_size":"","bundle_max_size":"","bundled_items":[],"bundle_sell_ids":[],"yoast_head":"<!-- This site is optimized with the Yoast SEO plugin v26.8 - https:\/\/yoast.com\/product\/yoast-seo-wordpress\/ -->\n<title>Control Inal\u00e1mbrico Xbox - Electric Volt - :: MCBO GAMES TU TIENDA FAVORITA DE TECNOLOG\u00cdA Y VIDEOJUEGOS ::<\/title>\n<meta name=\"robots\" content=\"index, follow, max-snippet:-1, max-image-preview:large, max-video-preview:-1\" \/>\n<link rel=\"canonical\" href=\"https:\/\/mcbogames.com\/index.php\/producto\/control-inalambrico-xbox-electric-volt\/\" \/>\n<meta property=\"og:locale\" content=\"es_ES\" \/>\n<meta property=\"og:type\" content=\"article\" \/>\n<meta property=\"og:title\" content=\"Control Inal\u00e1mbrico Xbox - Electric Volt - :: MCBO GAMES TU TIENDA FAVORITA DE TECNOLOG\u00cdA Y VIDEOJUEGOS ::\" \/>\n<meta property=\"og:description\" content=\"\u2022 Experimente el dise\u00f1o modernizado del controlador inal\u00e1mbrico Xbox en Volt el\u00e9ctrico, con superficies esculpidas y geometr\u00eda refinada para mayor comodidad y control sin esfuerzo durante el juego con un uso de la bater\u00eda de hasta 40 horas.* \u2022 Mant\u00e9ngase en el objetivo con el agarre texturizado D-pad h\u00edbrido en los gatillos, parachoques y carcasa &hellip; Continue reading Control Inal\u00e1mbrico Xbox &#8211; Electric Volt\" \/>\n<meta property=\"og:url\" content=\"https:\/\/mcbogames.com\/index.php\/producto\/control-inalambrico-xbox-electric-volt\/\" \/>\n<meta property=\"og:site_name\" content=\":: MCBO GAMES TU TIENDA FAVORITA DE TECNOLOG\u00cdA Y VIDEOJUEGOS ::\" \/>\n<meta property=\"article:modified_time\" content=\"2025-05-29T18:52:40+00:00\" \/>\n<meta property=\"og:image\" content=\"https:\/\/mcbogames.com\/wp-content\/uploads\/2022\/07\/control-xbox-volt-2.jpeg\" \/>\n\t<meta property=\"og:image:width\" content=\"1000\" \/>\n\t<meta property=\"og:image:height\" content=\"1000\" \/>\n\t<meta property=\"og:image:type\" content=\"image\/jpeg\" \/>\n<meta name=\"twitter:card\" content=\"summary_large_image\" \/>\n<meta name=\"twitter:label1\" content=\"Tiempo de lectura\" \/>\n\t<meta name=\"twitter:data1\" content=\"1 minuto\" \/>\n<script type=\"application\/ld+json\" class=\"yoast-schema-graph\">{\"@context\":\"https:\/\/schema.org\",\"@graph\":[{\"@type\":\"WebPage\",\"@id\":\"https:\/\/mcbogames.com\/index.php\/producto\/control-inalambrico-xbox-electric-volt\/\",\"url\":\"https:\/\/mcbogames.com\/index.php\/producto\/control-inalambrico-xbox-electric-volt\/\",\"name\":\"Control Inal\u00e1mbrico Xbox - Electric Volt - :: MCBO GAMES TU TIENDA FAVORITA DE TECNOLOG\u00cdA Y VIDEOJUEGOS ::\",\"isPartOf\":{\"@id\":\"https:\/\/mcbogames.com\/#website\"},\"primaryImageOfPage\":{\"@id\":\"https:\/\/mcbogames.com\/index.php\/producto\/control-inalambrico-xbox-electric-volt\/#primaryimage\"},\"image\":{\"@id\":\"https:\/\/mcbogames.com\/index.php\/producto\/control-inalambrico-xbox-electric-volt\/#primaryimage\"},\"thumbnailUrl\":\"https:\/\/mcbogames.com\/wp-content\/uploads\/2022\/07\/control-xbox-volt-2.jpeg\",\"datePublished\":\"2022-07-04T17:53:28+00:00\",\"dateModified\":\"2025-05-29T18:52:40+00:00\",\"breadcrumb\":{\"@id\":\"https:\/\/mcbogames.com\/index.php\/producto\/control-inalambrico-xbox-electric-volt\/#breadcrumb\"},\"inLanguage\":\"es\",\"potentialAction\":[{\"@type\":\"ReadAction\",\"target\":[\"https:\/\/mcbogames.com\/index.php\/producto\/control-inalambrico-xbox-electric-volt\/\"]}]},{\"@type\":\"ImageObject\",\"inLanguage\":\"es\",\"@id\":\"https:\/\/mcbogames.com\/index.php\/producto\/control-inalambrico-xbox-electric-volt\/#primaryimage\",\"url\":\"https:\/\/mcbogames.com\/wp-content\/uploads\/2022\/07\/control-xbox-volt-2.jpeg\",\"contentUrl\":\"https:\/\/mcbogames.com\/wp-content\/uploads\/2022\/07\/control-xbox-volt-2.jpeg\",\"width\":1000,\"height\":1000},{\"@type\":\"BreadcrumbList\",\"@id\":\"https:\/\/mcbogames.com\/index.php\/producto\/control-inalambrico-xbox-electric-volt\/#breadcrumb\",\"itemListElement\":[{\"@type\":\"ListItem\",\"position\":1,\"name\":\"Portada\",\"item\":\"https:\/\/mcbogames.com\/\"},{\"@type\":\"ListItem\",\"position\":2,\"name\":\"Shop\",\"item\":\"https:\/\/mcbogames.com\/index.php\/shop\/\"},{\"@type\":\"ListItem\",\"position\":3,\"name\":\"Control Inal\u00e1mbrico Xbox &#8211; Electric Volt\"}]},{\"@type\":\"WebSite\",\"@id\":\"https:\/\/mcbogames.com\/#website\",\"url\":\"https:\/\/mcbogames.com\/\",\"name\":\":: MCBO GAMES TU TIENDA FAVORITA DE TECNOLOG\u00cdA Y VIDEOJUEGOS ::\",\"description\":\"TIENDA ONLINE\",\"publisher\":{\"@id\":\"https:\/\/mcbogames.com\/#organization\"},\"potentialAction\":[{\"@type\":\"SearchAction\",\"target\":{\"@type\":\"EntryPoint\",\"urlTemplate\":\"https:\/\/mcbogames.com\/?s={search_term_string}\"},\"query-input\":{\"@type\":\"PropertyValueSpecification\",\"valueRequired\":true,\"valueName\":\"search_term_string\"}}],\"inLanguage\":\"es\"},{\"@type\":\"Organization\",\"@id\":\"https:\/\/mcbogames.com\/#organization\",\"name\":\"MCBO GAMES\",\"url\":\"https:\/\/mcbogames.com\/\",\"logo\":{\"@type\":\"ImageObject\",\"inLanguage\":\"es\",\"@id\":\"https:\/\/mcbogames.com\/#\/schema\/logo\/image\/\",\"url\":\"https:\/\/mcbogames.com\/wp-content\/uploads\/2021\/12\/logo_web.png\",\"contentUrl\":\"https:\/\/mcbogames.com\/wp-content\/uploads\/2021\/12\/logo_web.png\",\"width\":247,\"height\":223,\"caption\":\"MCBO GAMES\"},\"image\":{\"@id\":\"https:\/\/mcbogames.com\/#\/schema\/logo\/image\/\"}}]}<\/script>\n<!-- \/ Yoast SEO plugin. -->","yoast_head_json":{"title":"Control Inal\u00e1mbrico Xbox - Electric Volt - :: MCBO GAMES TU TIENDA FAVORITA DE TECNOLOG\u00cdA Y VIDEOJUEGOS ::","robots":{"index":"index","follow":"follow","max-snippet":"max-snippet:-1","max-image-preview":"max-image-preview:large","max-video-preview":"max-video-preview:-1"},"canonical":"https:\/\/mcbogames.com\/index.php\/producto\/control-inalambrico-xbox-electric-volt\/","og_locale":"es_ES","og_type":"article","og_title":"Control Inal\u00e1mbrico Xbox - Electric Volt - :: MCBO GAMES TU TIENDA FAVORITA DE TECNOLOG\u00cdA Y VIDEOJUEGOS ::","og_description":"\u2022 Experimente el dise\u00f1o modernizado del controlador inal\u00e1mbrico Xbox en Volt el\u00e9ctrico, con superficies esculpidas y geometr\u00eda refinada para mayor comodidad y control sin esfuerzo durante el juego con un uso de la bater\u00eda de hasta 40 horas.* \u2022 Mant\u00e9ngase en el objetivo con el agarre texturizado D-pad h\u00edbrido en los gatillos, parachoques y carcasa &hellip; Continue reading Control Inal\u00e1mbrico Xbox &#8211; Electric Volt","og_url":"https:\/\/mcbogames.com\/index.php\/producto\/control-inalambrico-xbox-electric-volt\/","og_site_name":":: MCBO GAMES TU TIENDA FAVORITA DE TECNOLOG\u00cdA Y VIDEOJUEGOS ::","article_modified_time":"2025-05-29T18:52:40+00:00","og_image":[{"width":1000,"height":1000,"url":"https:\/\/mcbogames.com\/wp-content\/uploads\/2022\/07\/control-xbox-volt-2.jpeg","type":"image\/jpeg"}],"twitter_card":"summary_large_image","twitter_misc":{"Tiempo de lectura":"1 minuto"},"schema":{"@context":"https:\/\/schema.org","@graph":[{"@type":"WebPage","@id":"https:\/\/mcbogames.com\/index.php\/producto\/control-inalambrico-xbox-electric-volt\/","url":"https:\/\/mcbogames.com\/index.php\/producto\/control-inalambrico-xbox-electric-volt\/","name":"Control Inal\u00e1mbrico Xbox - Electric Volt - :: MCBO GAMES TU TIENDA FAVORITA DE TECNOLOG\u00cdA Y VIDEOJUEGOS ::","isPartOf":{"@id":"https:\/\/mcbogames.com\/#website"},"primaryImageOfPage":{"@id":"https:\/\/mcbogames.com\/index.php\/producto\/control-inalambrico-xbox-electric-volt\/#primaryimage"},"image":{"@id":"https:\/\/mcbogames.com\/index.php\/producto\/control-inalambrico-xbox-electric-volt\/#primaryimage"},"thumbnailUrl":"https:\/\/mcbogames.com\/wp-content\/uploads\/2022\/07\/control-xbox-volt-2.jpeg","datePublished":"2022-07-04T17:53:28+00:00","dateModified":"2025-05-29T18:52:40+00:00","breadcrumb":{"@id":"https:\/\/mcbogames.com\/index.php\/producto\/control-inalambrico-xbox-electric-volt\/#breadcrumb"},"inLanguage":"es","potentialAction":[{"@type":"ReadAction","target":["https:\/\/mcbogames.com\/index.php\/producto\/control-inalambrico-xbox-electric-volt\/"]}]},{"@type":"ImageObject","inLanguage":"es","@id":"https:\/\/mcbogames.com\/index.php\/producto\/control-inalambrico-xbox-electric-volt\/#primaryimage","url":"https:\/\/mcbogames.com\/wp-content\/uploads\/2022\/07\/control-xbox-volt-2.jpeg","contentUrl":"https:\/\/mcbogames.com\/wp-content\/uploads\/2022\/07\/control-xbox-volt-2.jpeg","width":1000,"height":1000},{"@type":"BreadcrumbList","@id":"https:\/\/mcbogames.com\/index.php\/producto\/control-inalambrico-xbox-electric-volt\/#breadcrumb","itemListElement":[{"@type":"ListItem","position":1,"name":"Portada","item":"https:\/\/mcbogames.com\/"},{"@type":"ListItem","position":2,"name":"Shop","item":"https:\/\/mcbogames.com\/index.php\/shop\/"},{"@type":"ListItem","position":3,"name":"Control Inal\u00e1mbrico Xbox &#8211; Electric Volt"}]},{"@type":"WebSite","@id":"https:\/\/mcbogames.com\/#website","url":"https:\/\/mcbogames.com\/","name":":: MCBO GAMES TU TIENDA FAVORITA DE TECNOLOG\u00cdA Y VIDEOJUEGOS ::","description":"TIENDA ONLINE","publisher":{"@id":"https:\/\/mcbogames.com\/#organization"},"potentialAction":[{"@type":"SearchAction","target":{"@type":"EntryPoint","urlTemplate":"https:\/\/mcbogames.com\/?s={search_term_string}"},"query-input":{"@type":"PropertyValueSpecification","valueRequired":true,"valueName":"search_term_string"}}],"inLanguage":"es"},{"@type":"Organization","@id":"https:\/\/mcbogames.com\/#organization","name":"MCBO GAMES","url":"https:\/\/mcbogames.com\/","logo":{"@type":"ImageObject","inLanguage":"es","@id":"https:\/\/mcbogames.com\/#\/schema\/logo\/image\/","url":"https:\/\/mcbogames.com\/wp-content\/uploads\/2021\/12\/logo_web.png","contentUrl":"https:\/\/mcbogames.com\/wp-content\/uploads\/2021\/12\/logo_web.png","width":247,"height":223,"caption":"MCBO GAMES"},"image":{"@id":"https:\/\/mcbogames.com\/#\/schema\/logo\/image\/"}}]}},"_links":{"self":[{"href":"https:\/\/mcbogames.com\/index.php\/wp-json\/wp\/v2\/product\/7087","targetHints":{"allow":["GET"]}}],"collection":[{"href":"https:\/\/mcbogames.com\/index.php\/wp-json\/wp\/v2\/product"}],"about":[{"href":"https:\/\/mcbogames.com\/index.php\/wp-json\/wp\/v2\/types\/product"}],"wp:featuredmedia":[{"embeddable":true,"href":"https:\/\/mcbogames.com\/index.php\/wp-json\/wp\/v2\/media\/7088"}],"wp:attachment":[{"href":"https:\/\/mcbogames.com\/index.php\/wp-json\/wp\/v2\/media?parent=7087"}],"wp:term":[{"taxonomy":"product_brand","embeddable":true,"href":"https:\/\/mcbogames.com\/index.php\/wp-json\/wp\/v2\/product_brand?post=7087"},{"taxonomy":"product_cat","embeddable":true,"href":"https:\/\/mcbogames.com\/index.php\/wp-json\/wp\/v2\/product_cat?post=7087"},{"taxonomy":"product_tag","embeddable":true,"href":"https:\/\/mcbogames.com\/index.php\/wp-json\/wp\/v2\/product_tag?post=7087"}],"curies":[{"name":"wp","href":"https:\/\/api.w.org\/{rel}","templated":true}]}}