{"id":7029,"date":"2022-05-12T22:22:33","date_gmt":"2022-05-12T22:22:33","guid":{"rendered":"https:\/\/mcbogames.com\/?post_type=product&#038;p=7029"},"modified":"2022-05-18T22:00:42","modified_gmt":"2022-05-18T22:00:42","slug":"teclado","status":"publish","type":"product","link":"https:\/\/mcbogames.com\/index.php\/producto\/teclado\/","title":{"rendered":"Pauroty Teclado mec\u00e1nico inal\u00e1mbrico."},"content":{"rendered":"<ul class=\"a-unordered-list a-vertical a-spacing-mini\">\n<li><span class=\"a-list-item\">M\u00e1xima conectividad de 3 modos: compatible con conexiones cableadas e inal\u00e1mbricas, este teclado mec\u00e1nico para juegos se puede conectar a tu PC, port\u00e1til, iPad, tel\u00e9fono y m\u00e1s a trav\u00e9s de un receptor USB de 2.4G o modos Bluetooth BT1\/BT2. Tambi\u00e9n puedes cargar y jugar simult\u00e1neamente con el cable tipo C incluido. Conecta hasta 3 dispositivos simult\u00e1neamente y cambia f\u00e1cilmente, perfecto para el hogar, la oficina\u00a0 y juegos casuales.<\/span><\/li>\n<li><span class=\"a-list-item\">Teclado retroiluminado RGB genial: con 16 modos de retroiluminaci\u00f3n RGB, selecci\u00f3n de 8 colores, 6 niveles de brillo y funciones personalizables por tecla, este teclado mec\u00e1nico Bluetooth puede mejorar tu ambiente de juego al m\u00e1ximo.<\/span><\/li>\n<li><span class=\"a-list-item\">Mayor duraci\u00f3n de la bater\u00eda: con una bater\u00eda recargable integrada de 1600 mAh, este teclado para juegos del 60 % con tiempo de espera de 360 horas puede soportar una carga durante m\u00e1s de 10 horas de uso continuo.<\/span><\/li>\n<\/ul>\n","protected":false},"excerpt":{"rendered":"<p>M\u00e1xima conectividad de 3 modos: compatible con conexiones cableadas e inal\u00e1mbricas, este teclado mec\u00e1nico para juegos se puede conectar a tu PC, port\u00e1til, iPad, tel\u00e9fono y m\u00e1s a trav\u00e9s de un receptor USB de 2.4G o modos Bluetooth BT1\/BT2. Tambi\u00e9n puedes cargar y jugar simult\u00e1neamente con el cable tipo C incluido. Conecta hasta 3 dispositivos &hellip; <a href=\"https:\/\/mcbogames.com\/index.php\/producto\/teclado\/\" class=\"more-link\">Continue reading <span class=\"screen-reader-text\">Pauroty Teclado mec\u00e1nico inal\u00e1mbrico.<\/span><\/a><\/p>\n","protected":false},"featured_media":7030,"template":"","meta":[],"product_brand":[],"product_cat":[271,228,226],"product_tag":[301,272],"class_list":{"0":"post-7029","1":"product","2":"type-product","3":"status-publish","4":"has-post-thumbnail","6":"product_cat-teclado","7":"product_cat-computacion","8":"product_cat-computadoras-gamer","9":"product_tag-computacion","10":"product_tag-teclado","13":"outofstock","14":"shipping-taxable","15":"purchasable","16":"product-type-simple"},"bundled_by":[],"bundle_stock_status":"outofstock","bundle_stock_quantity":0,"bundle_virtual":false,"bundle_layout":"","bundle_add_to_cart_form_location":"","bundle_editable_in_cart":false,"bundle_sold_individually_context":"","bundle_item_grouping":"","bundle_min_size":"","bundle_max_size":"","bundled_items":[],"bundle_sell_ids":[],"yoast_head":"<!-- This site is optimized with the Yoast SEO plugin v26.8 - https:\/\/yoast.com\/product\/yoast-seo-wordpress\/ -->\n<title>Pauroty Teclado mec\u00e1nico inal\u00e1mbrico. - :: MCBO GAMES TU TIENDA FAVORITA DE TECNOLOG\u00cdA Y VIDEOJUEGOS ::<\/title>\n<meta name=\"robots\" content=\"index, follow, max-snippet:-1, max-image-preview:large, max-video-preview:-1\" \/>\n<link rel=\"canonical\" href=\"https:\/\/mcbogames.com\/index.php\/producto\/teclado\/\" \/>\n<meta property=\"og:locale\" content=\"es_ES\" \/>\n<meta property=\"og:type\" content=\"article\" \/>\n<meta property=\"og:title\" content=\"Pauroty Teclado mec\u00e1nico inal\u00e1mbrico. - :: MCBO GAMES TU TIENDA FAVORITA DE TECNOLOG\u00cdA Y VIDEOJUEGOS ::\" \/>\n<meta property=\"og:description\" content=\"M\u00e1xima conectividad de 3 modos: compatible con conexiones cableadas e inal\u00e1mbricas, este teclado mec\u00e1nico para juegos se puede conectar a tu PC, port\u00e1til, iPad, tel\u00e9fono y m\u00e1s a trav\u00e9s de un receptor USB de 2.4G o modos Bluetooth BT1\/BT2. Tambi\u00e9n puedes cargar y jugar simult\u00e1neamente con el cable tipo C incluido. Conecta hasta 3 dispositivos &hellip; Continue reading Pauroty Teclado mec\u00e1nico inal\u00e1mbrico.\" \/>\n<meta property=\"og:url\" content=\"https:\/\/mcbogames.com\/index.php\/producto\/teclado\/\" \/>\n<meta property=\"og:site_name\" content=\":: MCBO GAMES TU TIENDA FAVORITA DE TECNOLOG\u00cdA Y VIDEOJUEGOS ::\" \/>\n<meta property=\"article:modified_time\" content=\"2022-05-18T22:00:42+00:00\" \/>\n<meta property=\"og:image\" content=\"https:\/\/mcbogames.com\/wp-content\/uploads\/2022\/05\/PAUROTY-.jpeg\" \/>\n\t<meta property=\"og:image:width\" content=\"500\" \/>\n\t<meta property=\"og:image:height\" content=\"500\" \/>\n\t<meta property=\"og:image:type\" content=\"image\/jpeg\" \/>\n<meta name=\"twitter:card\" content=\"summary_large_image\" \/>\n<meta name=\"twitter:label1\" content=\"Tiempo de lectura\" \/>\n\t<meta name=\"twitter:data1\" content=\"1 minuto\" \/>\n<script type=\"application\/ld+json\" class=\"yoast-schema-graph\">{\"@context\":\"https:\/\/schema.org\",\"@graph\":[{\"@type\":\"WebPage\",\"@id\":\"https:\/\/mcbogames.com\/index.php\/producto\/teclado\/\",\"url\":\"https:\/\/mcbogames.com\/index.php\/producto\/teclado\/\",\"name\":\"Pauroty Teclado mec\u00e1nico inal\u00e1mbrico. - :: MCBO GAMES TU TIENDA FAVORITA DE TECNOLOG\u00cdA Y VIDEOJUEGOS ::\",\"isPartOf\":{\"@id\":\"https:\/\/mcbogames.com\/#website\"},\"primaryImageOfPage\":{\"@id\":\"https:\/\/mcbogames.com\/index.php\/producto\/teclado\/#primaryimage\"},\"image\":{\"@id\":\"https:\/\/mcbogames.com\/index.php\/producto\/teclado\/#primaryimage\"},\"thumbnailUrl\":\"https:\/\/mcbogames.com\/wp-content\/uploads\/2022\/05\/PAUROTY-.jpeg\",\"datePublished\":\"2022-05-12T22:22:33+00:00\",\"dateModified\":\"2022-05-18T22:00:42+00:00\",\"breadcrumb\":{\"@id\":\"https:\/\/mcbogames.com\/index.php\/producto\/teclado\/#breadcrumb\"},\"inLanguage\":\"es\",\"potentialAction\":[{\"@type\":\"ReadAction\",\"target\":[\"https:\/\/mcbogames.com\/index.php\/producto\/teclado\/\"]}]},{\"@type\":\"ImageObject\",\"inLanguage\":\"es\",\"@id\":\"https:\/\/mcbogames.com\/index.php\/producto\/teclado\/#primaryimage\",\"url\":\"https:\/\/mcbogames.com\/wp-content\/uploads\/2022\/05\/PAUROTY-.jpeg\",\"contentUrl\":\"https:\/\/mcbogames.com\/wp-content\/uploads\/2022\/05\/PAUROTY-.jpeg\",\"width\":500,\"height\":500},{\"@type\":\"BreadcrumbList\",\"@id\":\"https:\/\/mcbogames.com\/index.php\/producto\/teclado\/#breadcrumb\",\"itemListElement\":[{\"@type\":\"ListItem\",\"position\":1,\"name\":\"Portada\",\"item\":\"https:\/\/mcbogames.com\/\"},{\"@type\":\"ListItem\",\"position\":2,\"name\":\"Shop\",\"item\":\"https:\/\/mcbogames.com\/index.php\/shop\/\"},{\"@type\":\"ListItem\",\"position\":3,\"name\":\"Pauroty Teclado mec\u00e1nico inal\u00e1mbrico.\"}]},{\"@type\":\"WebSite\",\"@id\":\"https:\/\/mcbogames.com\/#website\",\"url\":\"https:\/\/mcbogames.com\/\",\"name\":\":: MCBO GAMES TU TIENDA FAVORITA DE TECNOLOG\u00cdA Y VIDEOJUEGOS ::\",\"description\":\"TIENDA ONLINE\",\"publisher\":{\"@id\":\"https:\/\/mcbogames.com\/#organization\"},\"potentialAction\":[{\"@type\":\"SearchAction\",\"target\":{\"@type\":\"EntryPoint\",\"urlTemplate\":\"https:\/\/mcbogames.com\/?s={search_term_string}\"},\"query-input\":{\"@type\":\"PropertyValueSpecification\",\"valueRequired\":true,\"valueName\":\"search_term_string\"}}],\"inLanguage\":\"es\"},{\"@type\":\"Organization\",\"@id\":\"https:\/\/mcbogames.com\/#organization\",\"name\":\"MCBO GAMES\",\"url\":\"https:\/\/mcbogames.com\/\",\"logo\":{\"@type\":\"ImageObject\",\"inLanguage\":\"es\",\"@id\":\"https:\/\/mcbogames.com\/#\/schema\/logo\/image\/\",\"url\":\"https:\/\/mcbogames.com\/wp-content\/uploads\/2021\/12\/logo_web.png\",\"contentUrl\":\"https:\/\/mcbogames.com\/wp-content\/uploads\/2021\/12\/logo_web.png\",\"width\":247,\"height\":223,\"caption\":\"MCBO GAMES\"},\"image\":{\"@id\":\"https:\/\/mcbogames.com\/#\/schema\/logo\/image\/\"}}]}<\/script>\n<!-- \/ Yoast SEO plugin. -->","yoast_head_json":{"title":"Pauroty Teclado mec\u00e1nico inal\u00e1mbrico. - :: MCBO GAMES TU TIENDA FAVORITA DE TECNOLOG\u00cdA Y VIDEOJUEGOS ::","robots":{"index":"index","follow":"follow","max-snippet":"max-snippet:-1","max-image-preview":"max-image-preview:large","max-video-preview":"max-video-preview:-1"},"canonical":"https:\/\/mcbogames.com\/index.php\/producto\/teclado\/","og_locale":"es_ES","og_type":"article","og_title":"Pauroty Teclado mec\u00e1nico inal\u00e1mbrico. - :: MCBO GAMES TU TIENDA FAVORITA DE TECNOLOG\u00cdA Y VIDEOJUEGOS ::","og_description":"M\u00e1xima conectividad de 3 modos: compatible con conexiones cableadas e inal\u00e1mbricas, este teclado mec\u00e1nico para juegos se puede conectar a tu PC, port\u00e1til, iPad, tel\u00e9fono y m\u00e1s a trav\u00e9s de un receptor USB de 2.4G o modos Bluetooth BT1\/BT2. Tambi\u00e9n puedes cargar y jugar simult\u00e1neamente con el cable tipo C incluido. Conecta hasta 3 dispositivos &hellip; Continue reading Pauroty Teclado mec\u00e1nico inal\u00e1mbrico.","og_url":"https:\/\/mcbogames.com\/index.php\/producto\/teclado\/","og_site_name":":: MCBO GAMES TU TIENDA FAVORITA DE TECNOLOG\u00cdA Y VIDEOJUEGOS ::","article_modified_time":"2022-05-18T22:00:42+00:00","og_image":[{"width":500,"height":500,"url":"https:\/\/mcbogames.com\/wp-content\/uploads\/2022\/05\/PAUROTY-.jpeg","type":"image\/jpeg"}],"twitter_card":"summary_large_image","twitter_misc":{"Tiempo de lectura":"1 minuto"},"schema":{"@context":"https:\/\/schema.org","@graph":[{"@type":"WebPage","@id":"https:\/\/mcbogames.com\/index.php\/producto\/teclado\/","url":"https:\/\/mcbogames.com\/index.php\/producto\/teclado\/","name":"Pauroty Teclado mec\u00e1nico inal\u00e1mbrico. - :: MCBO GAMES TU TIENDA FAVORITA DE TECNOLOG\u00cdA Y VIDEOJUEGOS ::","isPartOf":{"@id":"https:\/\/mcbogames.com\/#website"},"primaryImageOfPage":{"@id":"https:\/\/mcbogames.com\/index.php\/producto\/teclado\/#primaryimage"},"image":{"@id":"https:\/\/mcbogames.com\/index.php\/producto\/teclado\/#primaryimage"},"thumbnailUrl":"https:\/\/mcbogames.com\/wp-content\/uploads\/2022\/05\/PAUROTY-.jpeg","datePublished":"2022-05-12T22:22:33+00:00","dateModified":"2022-05-18T22:00:42+00:00","breadcrumb":{"@id":"https:\/\/mcbogames.com\/index.php\/producto\/teclado\/#breadcrumb"},"inLanguage":"es","potentialAction":[{"@type":"ReadAction","target":["https:\/\/mcbogames.com\/index.php\/producto\/teclado\/"]}]},{"@type":"ImageObject","inLanguage":"es","@id":"https:\/\/mcbogames.com\/index.php\/producto\/teclado\/#primaryimage","url":"https:\/\/mcbogames.com\/wp-content\/uploads\/2022\/05\/PAUROTY-.jpeg","contentUrl":"https:\/\/mcbogames.com\/wp-content\/uploads\/2022\/05\/PAUROTY-.jpeg","width":500,"height":500},{"@type":"BreadcrumbList","@id":"https:\/\/mcbogames.com\/index.php\/producto\/teclado\/#breadcrumb","itemListElement":[{"@type":"ListItem","position":1,"name":"Portada","item":"https:\/\/mcbogames.com\/"},{"@type":"ListItem","position":2,"name":"Shop","item":"https:\/\/mcbogames.com\/index.php\/shop\/"},{"@type":"ListItem","position":3,"name":"Pauroty Teclado mec\u00e1nico inal\u00e1mbrico."}]},{"@type":"WebSite","@id":"https:\/\/mcbogames.com\/#website","url":"https:\/\/mcbogames.com\/","name":":: MCBO GAMES TU TIENDA FAVORITA DE TECNOLOG\u00cdA Y VIDEOJUEGOS ::","description":"TIENDA ONLINE","publisher":{"@id":"https:\/\/mcbogames.com\/#organization"},"potentialAction":[{"@type":"SearchAction","target":{"@type":"EntryPoint","urlTemplate":"https:\/\/mcbogames.com\/?s={search_term_string}"},"query-input":{"@type":"PropertyValueSpecification","valueRequired":true,"valueName":"search_term_string"}}],"inLanguage":"es"},{"@type":"Organization","@id":"https:\/\/mcbogames.com\/#organization","name":"MCBO GAMES","url":"https:\/\/mcbogames.com\/","logo":{"@type":"ImageObject","inLanguage":"es","@id":"https:\/\/mcbogames.com\/#\/schema\/logo\/image\/","url":"https:\/\/mcbogames.com\/wp-content\/uploads\/2021\/12\/logo_web.png","contentUrl":"https:\/\/mcbogames.com\/wp-content\/uploads\/2021\/12\/logo_web.png","width":247,"height":223,"caption":"MCBO GAMES"},"image":{"@id":"https:\/\/mcbogames.com\/#\/schema\/logo\/image\/"}}]}},"_links":{"self":[{"href":"https:\/\/mcbogames.com\/index.php\/wp-json\/wp\/v2\/product\/7029","targetHints":{"allow":["GET"]}}],"collection":[{"href":"https:\/\/mcbogames.com\/index.php\/wp-json\/wp\/v2\/product"}],"about":[{"href":"https:\/\/mcbogames.com\/index.php\/wp-json\/wp\/v2\/types\/product"}],"wp:featuredmedia":[{"embeddable":true,"href":"https:\/\/mcbogames.com\/index.php\/wp-json\/wp\/v2\/media\/7030"}],"wp:attachment":[{"href":"https:\/\/mcbogames.com\/index.php\/wp-json\/wp\/v2\/media?parent=7029"}],"wp:term":[{"taxonomy":"product_brand","embeddable":true,"href":"https:\/\/mcbogames.com\/index.php\/wp-json\/wp\/v2\/product_brand?post=7029"},{"taxonomy":"product_cat","embeddable":true,"href":"https:\/\/mcbogames.com\/index.php\/wp-json\/wp\/v2\/product_cat?post=7029"},{"taxonomy":"product_tag","embeddable":true,"href":"https:\/\/mcbogames.com\/index.php\/wp-json\/wp\/v2\/product_tag?post=7029"}],"curies":[{"name":"wp","href":"https:\/\/api.w.org\/{rel}","templated":true}]}}