{"id":7012,"date":"2022-05-12T00:34:55","date_gmt":"2022-05-12T00:34:55","guid":{"rendered":"https:\/\/mcbogames.com\/?post_type=product&#038;p=7012"},"modified":"2022-08-18T19:56:15","modified_gmt":"2022-08-18T23:56:15","slug":"mouse-hyperx-pulsefire-raid","status":"publish","type":"product","link":"https:\/\/mcbogames.com\/index.php\/producto\/mouse-hyperx-pulsefire-raid\/","title":{"rendered":"Mouse HyperX  Pulsefire Raid"},"content":{"rendered":"<p>HyperX Pulsefire Raid\u2122 es un rat\u00f3n ergon\u00f3mico que te ofrece un mayor control de forma directa, lo que te permite ahorrar un valioso tiempo durante la creaci\u00f3n de batallas, cuando cambias de arma o al escaparte tras un saqueo. Pulsefire Raid es un rat\u00f3n ligero y programable de 11 botones que cuenta con c\u00f3modos agarres laterales, lo que lo convierte en el puntero perfecto para los jugadores de batalla real, MOBA y MMO. El sensor premium Pixart 3389 ofrece una precisi\u00f3n demostrada con configuraciones nativas de hasta 16 000 PPP. Utiliza un dise\u00f1o de bot\u00f3n dividido para los botones principales izquierdo y derecho, lo que permite una mayor capacidad de respuesta al hacer clic y, adem\u00e1s, sus fiables teclas Omrom proporcionan una respuesta t\u00e1ctil n\u00edtida, para que detectes todos los clics. Establece macros, ajusta el PPP y personaliza la iluminaci\u00f3n RGB con el software de personalizaci\u00f3n HyperX NGENUITY. Los grandes deslizadores y el cable trenzado flexible proporcionan un deslizamiento suave y controlado. El Pulsefire Raid es compatible con varias plataformas, por lo que podr\u00e1s dominar en el PC o en la consola.<\/p>\n","protected":false},"excerpt":{"rendered":"<p>HyperX Pulsefire Raid\u2122 es un rat\u00f3n ergon\u00f3mico que te ofrece un mayor control de forma directa, lo que te permite ahorrar un valioso tiempo durante la creaci\u00f3n de batallas, cuando cambias de arma o al escaparte tras un saqueo. Pulsefire Raid es un rat\u00f3n ligero y programable de 11 botones que cuenta con c\u00f3modos agarres &hellip; <a href=\"https:\/\/mcbogames.com\/index.php\/producto\/mouse-hyperx-pulsefire-raid\/\" class=\"more-link\">Continue reading <span class=\"screen-reader-text\">Mouse HyperX  Pulsefire Raid<\/span><\/a><\/p>\n","protected":false},"featured_media":7013,"template":"","meta":[],"product_brand":[],"product_cat":[228,315],"product_tag":[301,275],"class_list":{"0":"post-7012","1":"product","2":"type-product","3":"status-publish","4":"has-post-thumbnail","6":"product_cat-computacion","7":"product_cat-mouse","8":"product_tag-computacion","9":"product_tag-mouse","12":"outofstock","13":"sale","14":"shipping-taxable","15":"purchasable","16":"product-type-simple"},"bundled_by":[],"bundle_stock_status":"outofstock","bundle_stock_quantity":0,"bundle_virtual":false,"bundle_layout":"","bundle_add_to_cart_form_location":"","bundle_editable_in_cart":false,"bundle_sold_individually_context":"","bundle_item_grouping":"","bundle_min_size":"","bundle_max_size":"","bundled_items":[],"bundle_sell_ids":[],"yoast_head":"<!-- This site is optimized with the Yoast SEO plugin v27.4 - https:\/\/yoast.com\/product\/yoast-seo-wordpress\/ -->\n<title>Mouse HyperX Pulsefire Raid - :: MCBO GAMES TU TIENDA FAVORITA DE TECNOLOG\u00cdA Y VIDEOJUEGOS ::<\/title>\n<meta name=\"robots\" content=\"index, follow, max-snippet:-1, max-image-preview:large, max-video-preview:-1\" \/>\n<link rel=\"canonical\" href=\"https:\/\/mcbogames.com\/index.php\/producto\/mouse-hyperx-pulsefire-raid\/\" \/>\n<meta property=\"og:locale\" content=\"es_ES\" \/>\n<meta property=\"og:type\" content=\"article\" \/>\n<meta property=\"og:title\" content=\"Mouse HyperX Pulsefire Raid - :: MCBO GAMES TU TIENDA FAVORITA DE TECNOLOG\u00cdA Y VIDEOJUEGOS ::\" \/>\n<meta property=\"og:description\" content=\"HyperX Pulsefire Raid\u2122 es un rat\u00f3n ergon\u00f3mico que te ofrece un mayor control de forma directa, lo que te permite ahorrar un valioso tiempo durante la creaci\u00f3n de batallas, cuando cambias de arma o al escaparte tras un saqueo. Pulsefire Raid es un rat\u00f3n ligero y programable de 11 botones que cuenta con c\u00f3modos agarres &hellip; Continue reading Mouse HyperX Pulsefire Raid\" \/>\n<meta property=\"og:url\" content=\"https:\/\/mcbogames.com\/index.php\/producto\/mouse-hyperx-pulsefire-raid\/\" \/>\n<meta property=\"og:site_name\" content=\":: MCBO GAMES TU TIENDA FAVORITA DE TECNOLOG\u00cdA Y VIDEOJUEGOS ::\" \/>\n<meta property=\"article:modified_time\" content=\"2022-08-18T23:56:15+00:00\" \/>\n<meta property=\"og:image\" content=\"https:\/\/mcbogames.com\/wp-content\/uploads\/2022\/05\/pulsefire-raid-2.jpeg\" \/>\n\t<meta property=\"og:image:width\" content=\"800\" \/>\n\t<meta property=\"og:image:height\" content=\"800\" \/>\n\t<meta property=\"og:image:type\" content=\"image\/jpeg\" \/>\n<meta name=\"twitter:card\" content=\"summary_large_image\" \/>\n<meta name=\"twitter:label1\" content=\"Tiempo de lectura\" \/>\n\t<meta name=\"twitter:data1\" content=\"1 minuto\" \/>\n<script type=\"application\/ld+json\" class=\"yoast-schema-graph\">{\"@context\":\"https:\\\/\\\/schema.org\",\"@graph\":[{\"@type\":\"WebPage\",\"@id\":\"https:\\\/\\\/mcbogames.com\\\/index.php\\\/producto\\\/mouse-hyperx-pulsefire-raid\\\/\",\"url\":\"https:\\\/\\\/mcbogames.com\\\/index.php\\\/producto\\\/mouse-hyperx-pulsefire-raid\\\/\",\"name\":\"Mouse HyperX Pulsefire Raid - :: MCBO GAMES TU TIENDA FAVORITA DE TECNOLOG\u00cdA Y VIDEOJUEGOS ::\",\"isPartOf\":{\"@id\":\"https:\\\/\\\/mcbogames.com\\\/#website\"},\"primaryImageOfPage\":{\"@id\":\"https:\\\/\\\/mcbogames.com\\\/index.php\\\/producto\\\/mouse-hyperx-pulsefire-raid\\\/#primaryimage\"},\"image\":{\"@id\":\"https:\\\/\\\/mcbogames.com\\\/index.php\\\/producto\\\/mouse-hyperx-pulsefire-raid\\\/#primaryimage\"},\"thumbnailUrl\":\"https:\\\/\\\/mcbogames.com\\\/wp-content\\\/uploads\\\/2022\\\/05\\\/pulsefire-raid-2.jpeg\",\"datePublished\":\"2022-05-12T00:34:55+00:00\",\"dateModified\":\"2022-08-18T23:56:15+00:00\",\"breadcrumb\":{\"@id\":\"https:\\\/\\\/mcbogames.com\\\/index.php\\\/producto\\\/mouse-hyperx-pulsefire-raid\\\/#breadcrumb\"},\"inLanguage\":\"es\",\"potentialAction\":[{\"@type\":\"ReadAction\",\"target\":[\"https:\\\/\\\/mcbogames.com\\\/index.php\\\/producto\\\/mouse-hyperx-pulsefire-raid\\\/\"]}]},{\"@type\":\"ImageObject\",\"inLanguage\":\"es\",\"@id\":\"https:\\\/\\\/mcbogames.com\\\/index.php\\\/producto\\\/mouse-hyperx-pulsefire-raid\\\/#primaryimage\",\"url\":\"https:\\\/\\\/mcbogames.com\\\/wp-content\\\/uploads\\\/2022\\\/05\\\/pulsefire-raid-2.jpeg\",\"contentUrl\":\"https:\\\/\\\/mcbogames.com\\\/wp-content\\\/uploads\\\/2022\\\/05\\\/pulsefire-raid-2.jpeg\",\"width\":800,\"height\":800},{\"@type\":\"BreadcrumbList\",\"@id\":\"https:\\\/\\\/mcbogames.com\\\/index.php\\\/producto\\\/mouse-hyperx-pulsefire-raid\\\/#breadcrumb\",\"itemListElement\":[{\"@type\":\"ListItem\",\"position\":1,\"name\":\"Portada\",\"item\":\"https:\\\/\\\/mcbogames.com\\\/\"},{\"@type\":\"ListItem\",\"position\":2,\"name\":\"Shop\",\"item\":\"https:\\\/\\\/mcbogames.com\\\/index.php\\\/shop\\\/\"},{\"@type\":\"ListItem\",\"position\":3,\"name\":\"Mouse HyperX Pulsefire Raid\"}]},{\"@type\":\"WebSite\",\"@id\":\"https:\\\/\\\/mcbogames.com\\\/#website\",\"url\":\"https:\\\/\\\/mcbogames.com\\\/\",\"name\":\":: MCBO GAMES TU TIENDA FAVORITA DE TECNOLOG\u00cdA Y VIDEOJUEGOS ::\",\"description\":\"TIENDA ONLINE\",\"publisher\":{\"@id\":\"https:\\\/\\\/mcbogames.com\\\/#organization\"},\"potentialAction\":[{\"@type\":\"SearchAction\",\"target\":{\"@type\":\"EntryPoint\",\"urlTemplate\":\"https:\\\/\\\/mcbogames.com\\\/?s={search_term_string}\"},\"query-input\":{\"@type\":\"PropertyValueSpecification\",\"valueRequired\":true,\"valueName\":\"search_term_string\"}}],\"inLanguage\":\"es\"},{\"@type\":\"Organization\",\"@id\":\"https:\\\/\\\/mcbogames.com\\\/#organization\",\"name\":\"MCBO GAMES\",\"url\":\"https:\\\/\\\/mcbogames.com\\\/\",\"logo\":{\"@type\":\"ImageObject\",\"inLanguage\":\"es\",\"@id\":\"https:\\\/\\\/mcbogames.com\\\/#\\\/schema\\\/logo\\\/image\\\/\",\"url\":\"https:\\\/\\\/mcbogames.com\\\/wp-content\\\/uploads\\\/2021\\\/12\\\/logo_web.png\",\"contentUrl\":\"https:\\\/\\\/mcbogames.com\\\/wp-content\\\/uploads\\\/2021\\\/12\\\/logo_web.png\",\"width\":247,\"height\":223,\"caption\":\"MCBO GAMES\"},\"image\":{\"@id\":\"https:\\\/\\\/mcbogames.com\\\/#\\\/schema\\\/logo\\\/image\\\/\"}}]}<\/script>\n<!-- \/ Yoast SEO plugin. -->","yoast_head_json":{"title":"Mouse HyperX Pulsefire Raid - :: MCBO GAMES TU TIENDA FAVORITA DE TECNOLOG\u00cdA Y VIDEOJUEGOS ::","robots":{"index":"index","follow":"follow","max-snippet":"max-snippet:-1","max-image-preview":"max-image-preview:large","max-video-preview":"max-video-preview:-1"},"canonical":"https:\/\/mcbogames.com\/index.php\/producto\/mouse-hyperx-pulsefire-raid\/","og_locale":"es_ES","og_type":"article","og_title":"Mouse HyperX Pulsefire Raid - :: MCBO GAMES TU TIENDA FAVORITA DE TECNOLOG\u00cdA Y VIDEOJUEGOS ::","og_description":"HyperX Pulsefire Raid\u2122 es un rat\u00f3n ergon\u00f3mico que te ofrece un mayor control de forma directa, lo que te permite ahorrar un valioso tiempo durante la creaci\u00f3n de batallas, cuando cambias de arma o al escaparte tras un saqueo. Pulsefire Raid es un rat\u00f3n ligero y programable de 11 botones que cuenta con c\u00f3modos agarres &hellip; Continue reading Mouse HyperX Pulsefire Raid","og_url":"https:\/\/mcbogames.com\/index.php\/producto\/mouse-hyperx-pulsefire-raid\/","og_site_name":":: MCBO GAMES TU TIENDA FAVORITA DE TECNOLOG\u00cdA Y VIDEOJUEGOS ::","article_modified_time":"2022-08-18T23:56:15+00:00","og_image":[{"width":800,"height":800,"url":"https:\/\/mcbogames.com\/wp-content\/uploads\/2022\/05\/pulsefire-raid-2.jpeg","type":"image\/jpeg"}],"twitter_card":"summary_large_image","twitter_misc":{"Tiempo de lectura":"1 minuto"},"schema":{"@context":"https:\/\/schema.org","@graph":[{"@type":"WebPage","@id":"https:\/\/mcbogames.com\/index.php\/producto\/mouse-hyperx-pulsefire-raid\/","url":"https:\/\/mcbogames.com\/index.php\/producto\/mouse-hyperx-pulsefire-raid\/","name":"Mouse HyperX Pulsefire Raid - :: MCBO GAMES TU TIENDA FAVORITA DE TECNOLOG\u00cdA Y VIDEOJUEGOS ::","isPartOf":{"@id":"https:\/\/mcbogames.com\/#website"},"primaryImageOfPage":{"@id":"https:\/\/mcbogames.com\/index.php\/producto\/mouse-hyperx-pulsefire-raid\/#primaryimage"},"image":{"@id":"https:\/\/mcbogames.com\/index.php\/producto\/mouse-hyperx-pulsefire-raid\/#primaryimage"},"thumbnailUrl":"https:\/\/mcbogames.com\/wp-content\/uploads\/2022\/05\/pulsefire-raid-2.jpeg","datePublished":"2022-05-12T00:34:55+00:00","dateModified":"2022-08-18T23:56:15+00:00","breadcrumb":{"@id":"https:\/\/mcbogames.com\/index.php\/producto\/mouse-hyperx-pulsefire-raid\/#breadcrumb"},"inLanguage":"es","potentialAction":[{"@type":"ReadAction","target":["https:\/\/mcbogames.com\/index.php\/producto\/mouse-hyperx-pulsefire-raid\/"]}]},{"@type":"ImageObject","inLanguage":"es","@id":"https:\/\/mcbogames.com\/index.php\/producto\/mouse-hyperx-pulsefire-raid\/#primaryimage","url":"https:\/\/mcbogames.com\/wp-content\/uploads\/2022\/05\/pulsefire-raid-2.jpeg","contentUrl":"https:\/\/mcbogames.com\/wp-content\/uploads\/2022\/05\/pulsefire-raid-2.jpeg","width":800,"height":800},{"@type":"BreadcrumbList","@id":"https:\/\/mcbogames.com\/index.php\/producto\/mouse-hyperx-pulsefire-raid\/#breadcrumb","itemListElement":[{"@type":"ListItem","position":1,"name":"Portada","item":"https:\/\/mcbogames.com\/"},{"@type":"ListItem","position":2,"name":"Shop","item":"https:\/\/mcbogames.com\/index.php\/shop\/"},{"@type":"ListItem","position":3,"name":"Mouse HyperX Pulsefire Raid"}]},{"@type":"WebSite","@id":"https:\/\/mcbogames.com\/#website","url":"https:\/\/mcbogames.com\/","name":":: MCBO GAMES TU TIENDA FAVORITA DE TECNOLOG\u00cdA Y VIDEOJUEGOS ::","description":"TIENDA ONLINE","publisher":{"@id":"https:\/\/mcbogames.com\/#organization"},"potentialAction":[{"@type":"SearchAction","target":{"@type":"EntryPoint","urlTemplate":"https:\/\/mcbogames.com\/?s={search_term_string}"},"query-input":{"@type":"PropertyValueSpecification","valueRequired":true,"valueName":"search_term_string"}}],"inLanguage":"es"},{"@type":"Organization","@id":"https:\/\/mcbogames.com\/#organization","name":"MCBO GAMES","url":"https:\/\/mcbogames.com\/","logo":{"@type":"ImageObject","inLanguage":"es","@id":"https:\/\/mcbogames.com\/#\/schema\/logo\/image\/","url":"https:\/\/mcbogames.com\/wp-content\/uploads\/2021\/12\/logo_web.png","contentUrl":"https:\/\/mcbogames.com\/wp-content\/uploads\/2021\/12\/logo_web.png","width":247,"height":223,"caption":"MCBO GAMES"},"image":{"@id":"https:\/\/mcbogames.com\/#\/schema\/logo\/image\/"}}]}},"_links":{"self":[{"href":"https:\/\/mcbogames.com\/index.php\/wp-json\/wp\/v2\/product\/7012","targetHints":{"allow":["GET"]}}],"collection":[{"href":"https:\/\/mcbogames.com\/index.php\/wp-json\/wp\/v2\/product"}],"about":[{"href":"https:\/\/mcbogames.com\/index.php\/wp-json\/wp\/v2\/types\/product"}],"wp:featuredmedia":[{"embeddable":true,"href":"https:\/\/mcbogames.com\/index.php\/wp-json\/wp\/v2\/media\/7013"}],"wp:attachment":[{"href":"https:\/\/mcbogames.com\/index.php\/wp-json\/wp\/v2\/media?parent=7012"}],"wp:term":[{"taxonomy":"product_brand","embeddable":true,"href":"https:\/\/mcbogames.com\/index.php\/wp-json\/wp\/v2\/product_brand?post=7012"},{"taxonomy":"product_cat","embeddable":true,"href":"https:\/\/mcbogames.com\/index.php\/wp-json\/wp\/v2\/product_cat?post=7012"},{"taxonomy":"product_tag","embeddable":true,"href":"https:\/\/mcbogames.com\/index.php\/wp-json\/wp\/v2\/product_tag?post=7012"}],"curies":[{"name":"wp","href":"https:\/\/api.w.org\/{rel}","templated":true}]}}